s c(-759)?
-25
Let s(r) = 124*r**3 + 13511*r**2 - 541*r + 441. What is s(-109)?
5
Let i(t) = 18*t**2 - 70*t + 24. Determine i(3).
-24
Let p(l) = -3*l**3 + 290*l**2 - 250*l + 5607. Calculate p(96).
39
Let f(g) = 2*g**3 - 97*g**2 - 243*g - 806. Determine f(51).
-194
Let p(d) = -266*d**2 + 217594*d - 4859. Calculate p(818).
49
Let z(f) = -f**3 + 13*f**2 + 309*f - 3827. Calculate z(18).
115
Let v(w) = -2*w**3 + 17*w**2 + 7846*w - 47256. Give v(6).
0
Let k(i) = 26*i**2 - 53*i - 252. Give k(-6).
1002
Let n(o) = 4127*o + 135969. Determine n(-33).
-222
Let b(n) = 3292*n + 23055. Determine b(-7).
11
Let t(h) = -28*h**2 + 183*h - 22. Determine t(9).
-643
Let j(a) = a**3 + 53*a**2 - 242*a - 10538. Determine j(-52).
4750
Let x(p) = -10*p**2 - 563*p - 191. Calculate x(-56).
-23
Let z(i) = i**3 + i**2 - 744*i + 1118. Calculate z(26).
26
Let o(g) = -8*g**3 + 151*g**2 - 661*g - 30. Determine o(7).
-2
Let u(w) = w**2 - 11974*w - 179802. What is u(-15)?
33
Let n(j) = -j**2 - 578*j - 70198. Determine n(-404).
98
Let v(l) = 2415*l**2 - 38642*l + 41. What is v(16)?
9
Let n(c) = 6*c**2 - 838*c + 8954. Calculate n(128).
-6
Let o(v) = 4*v**2 + 111*v - 95149. Give o(141).
26
Let g(j) = -4*j**2 - 305*j - 1476. Give g(-71).
15
Let z(o) = -26*o**2 - 717*o + 2863. Calculate z(4).
-421
Let d(s) = 237*s**2 - 1804*s - 731. Give d(8).
5
Let z(q) = -3*q**2 - 280*q - 3670. What is z(-76)?
282
Let l(u) = u**3 - 13*u**2 - 83*u + 149. Calculate l(17).
-106
Let i(r) = -2*r**3 + 24*r**2 + 33*r - 795. Determine i(10).
-65
Let v(x) = 78990*x - 631925. Determine v(8).
-5
Let w(m) = m**3 + 8*m**2 - 259*m - 2248. What is w(-9)?
2
Let z(q) = -55*q**2 - 485*q - 946. Calculate z(-3).
14
Let c(p) = 737*p - 48599. What is c(64)?
-1431
Let c(u) = -324*u**2 + 1592*u - 1594. Give c(1).
-326
Let z(r) = -22*r**2 - 412*r - 1964. Calculate z(-10).
-44
Let q(f) = -62787*f + 24863656. What is q(396)?
4
Let r(x) = 1327*x**2 + 10628*x + 104. Determine r(-8).
8
Let v(t) = 4*t**2 - 240*t + 2986. Determine v(12).
682
Let w(c) = 8*c**3 - 4*c**2 - 3245*c + 6507. Give w(2).
65
Let i(l) = -2*l**2 + 138*l + 14359. What is i(-57)?
-5
Let y(d) = -30805*d - 92418. Determine y(-3).
-3
Let q(a) = -2603*a + 694969. Give q(267).
-32
Let k(g) = -143060*g + 4434857. Give k(31).
-3
Let n(i) = -i**3 + 385*i**2 + 2386*i - 15629. What is n(391)?
11
Let f(l) = -2*l**2 - 2539*l - 781944. What is f(-744)?
0
Let z(r) = -22*r**2 - 5364*r + 6367. Determine z(-245).
-3
Let z(m) = -m**3 + 17*m**2 - 150*m + 595. Determine z(8).
-29
Let n(k) = -24*k**2 - 1114*k + 453. Determine n(-47).
-205
Let y(p) = 2*p**3 - 33*p**2 + 251*p - 742. Give y(6).
8
Let t(p) = -54*p**2 + 281*p + 2. What is t(5)?
57
Let a(j) = 4*j**2 - 1059*j - 4231. Calculate a(-4).
69
Let k(a) = 2*a**3 + 32*a**2 - 71*a + 995. Give k(-19).
178
Let q(j) = j**2 - 607*j + 4693. Calculate q(599).
-99
Let i(f) = -12*f**3 + 100*f**2 - 562*f - 120. Calculate i(6).
-2484
Let p(y) = 85795*y - 52. Determine p(0).
-52
Let j(t) = -2*t**2 - 52*t + 941. What is j(12)?
29
Let p(m) = 20*m**3 + 31*m**2 + 12*m + 54. Calculate p(-2).
-6
Let b(k) = 3*k**2 + 87*k - 1194. Calculate b(-40).
126
Let h(g) = 6*g**2 - 123*g - 52. Determine h(15).
-547
Let f(x) = -2*x**3 - 510*x**2 + 1023*x - 1262. What is f(-257)?
23
Let w(q) = -38035*q - 1825661. Calculate w(-48).
19
Let d(m) = 6*m**2 + 199*m + 2563. Give d(-12).
1039
Let u(n) = -5*n**2 + 19910*n - 99423. Calculate u(5).
2
Let d(n) = -2*n**3 + 38*n**2 - 99*n + 140. Calculate d(15).
455
Let l(n) = 126*n**3 - 885*n**2 + 29*n - 55. Calculate l(7).
1
Let u(t) = 23*t**2 - 2523*t - 415400. Determine u(200).
0
Let p(l) = -l**3 + 35*l**2 + 305*l - 360. Determine p(42).
102
Let q(n) = n**3 - 78*n**2 + 1655*n - 107253. Determine q(75).
-3
Let x(b) = 6*b**3 - 87*b**2 + 293*b + 68. Give x(6).
-10
Let z(u) = 222434*u + 2001890. Determine z(-9).
-16
Let u(t) = -140*t + 28129. Give u(201).
-11
Let h(m) = -31*m**2 - 2123*m - 5143. Give h(-66).
-61
Let q(g) = -13*g**2 + 132*g - 384. Determine q(4).
-64
Let j(z) = z**3 + 72*z**2 - 2178*z + 287. What is j(-95)?
-378
Let b(a) = 20683*a - 537988. Give b(26).
-230
Let m(t) = -t**3 + 219*t**2 - 6876*t + 303. Give m(181).
665
Let p(t) = 234159*t - 11. Calculate p(0).
-11
Let r(b) = b**3 + 200*b**2 - 624*b - 3361. Determine r(-203).
-316
Let g(u) = -u**3 + 103*u**2 - 1791*u - 31. Give g(22).
-229
Let k(w) = -53*w**2 + 43*w + 80. Calculate k(-2).
-218
Let z(f) = f**3 + 51*f**2 + 59*f + 1093. Determine z(-47).
7156
Let t(i) = 4640*i**2 - 106806*i + 1981. Calculate t(23).
3
Let i(y) = 13*y**3 - 2*y**2 - 41954*y - 41952. Determine i(-1).
-13
Let d(w) = -5*w**3 - 175*w**2 + 554*w - 601. Calculate d(-38).
7
Let b(p) = 3*p**2 - 248*p - 699. Calculate b(89).
992
Let i(m) = -m**3 + 28*m**2 - 60*m - 797. Give i(8).
3
Let d(h) = -21214*h + 1145563. What is d(54)?
7
Let d(k) = k**3 - 17*k**2 - 326*k + 5465. What is d(16)?
-7
Let c(x) = 111*x + 1902. What is c(-28)?
-1206
Let i(k) = 130071*k - 1300699. Calculate i(10).
11
Let c(u) = 2*u**3 - 451*u**2 - 389*u - 66303. Calculate c(227).
-19
Let c(l) = -l**3 - 387*l**2 - 2637*l + 8734. Give c(-380).
-6
Let c(h) = 20*h**2 + 2*h + 31. What is c(3)?
217
Let y(z) = -373*z**2 - 1878*z - 53. What is y(-5)?
12
Let d(h) = -h**3 + 13*h**2 + 3999*h - 36319. Calculate d(9).
-4
Let a(o) = o**3 - 53*o**2 + 281*o - 100. Give a(6).
-106
Let h(s) = s**2 - 407*s + 14021. What is h(369)?
-1
Let r(x) = -207*x + 7664. Determine r(37).
5
Let o(a) = a**3 - 109*a**2 - 2823*a + 12084. Determine o(130).
-6
Let j(k) = -k**3 - 6*k**2 - 625*k - 86. Determine j(0).
-86
Let y(w) = 3*w**3 + 46*w**2 - 51*w + 17. Calculate y(-17).
-561
Let r(d) = -d**3 + 161*d**2 - 3695*d - 127. Calculate r(133).
3730
Let v(j) = j**2 + 193*j - 9317. What is v(38)?
-539
Let y(k) = 10734*k + 987532. Determine y(-92).
4
Let j(y) = 873*y - 34152. Calculate j(39).
-105
Let y(j) = 43*j**3 - 902*j**2 - 23*j + 25. Give y(21).
-17
Let a(p) = -12690*p - 139571. Determine a(-11).
19
Let l(f) = 62*f**2 + 4280*f - 4307. What is l(-70)?
-107
Let s(q) = -898*q**2 - 7192*q - 83. Determine s(-8).
-19
Let y(b) = 6322*b + 220764. Calculate y(-35).
-506
Let d(c) = 359*c - 13570. Determine d(38).
72
Let w(i) = -2410*i - 74640. What is w(-31)?
70
Let u(g) = 4*g**3 - 66*g**2 + 47*g - 315. What is u(16)?
-75
Let v(p) = -p**3 + 11*p**2 + 339*p + 157. What is v(25)?
-118
Let j(w) = 18486*w + 16. Calculate j(0).
16
Let j(y) = 7*y**2 + 42021*y + 209906. What is j(-5)?
-24
Let t(l) = 1950*l - 8182. What is t(5)?
1568
Let p(f) = -f**2 - 2756*f + 49948. Give p(18).
16
Let d(p) = -p**3 + 11*p**2 + 3138*p + 1493. Calculate d(62).
5
Let i(t) = 3*t**2 - 1092*t - 1079. Give i(365).
16
Let t(i) = -1062*i + 29527. Calculate t(28).
-209
Let o(d) = -961*d**2 - 30758*d - 241. Determine o(-32).
-49
Let d(j) = j**3 + 39*j**2 + 302*j + 95. Give d(-12).
359
Let c(i) = 5*i**2 + 279*i - 15239. Give c(-90).
151
Let k(b) = -474*b**2 - 3321*b - 9. Calculate k(-7).
12
Let u(w) = 1634*w - 452614. What is u(277)?
4
Let w(h) = -h**3 - 12*h**2 - h + 229. Give w(-5).
59
Let b(t) = 14*t**2 - 384*t - 964. What is b(29)?
-326
Let d(a) = -9492*a - 94915. Determine d(-10).
5
Let u(o) = -463*o - 105503. What is u(-228)?
61
Let n(q) = 26*q**2 + 276*q + 2358. Calculate n(-8).
1814
Let f(d) = -11*d**2 - 404*d + 156. Give f(-39).
-819
Let l(d) = 747*d**2 + 97859*d + 258. Determine l(-131).
-4
Let i(j) = j**3 - 14*j**2 - 24*j - 437. Calculate i(17).
22
Let w(j) = 5*j**2 - 14*j - 158. Give w(-14).
1018
Let b(p) = -1191*p + 186992. Give b(157).
5
Let x(a) = 6*a**3 + 6*a**2 - 48*a - 176. What is x(-5)?
-536
Let n(f) = 487770*f + 16096416. Calculate n(-33).
6
Let s(o) = -535*o - 40. Calculate s(-8).
4240
Let r(b) = b**3 - 7*b**2 + 102*b - 365. Give r(4).
-5
Let o(u) = -u**3 - 24*u**2 + 231*u + 4579. Give o(-19).
-1615
Let g(r) = 5*r**2 - 17*r - 266. What is g(-14)?
952
Let c(f) = f**2 - 14641*f + 87853. Calculate c(6).
43
Let z(d) = -1782*d - 249483. Determine z(-140).
-3
Let r(q) = q**3 - 74*q**2 - 576*q + 30793. Give r(19).
-6
Let h(g) = g**3 + 203*g**2 - 1028*g - 70. Give h(5).
-10
Let v(h) = h**3 - 194*h**2 - 45*h + 8730. Calculate v(194).
0
Let z(b) = b**3 + 291*b**2 + 860*b - 3. Calculate z(-3).
9
Let s(r) = -r**3 - 31*r**2 + 54*r + 109. Determine s(-33).
505
Let v(j) = -9*j**3 + 689*j**2 - 619